2607570?
2, 5, 1260757
What are the prime factors of 7916313?
3, 2638771
What are the prime factors of 3154996?
2, 13, 17, 43, 83
List the prime factors of 5551058.
2, 227, 12227
What are the prime factors of 431760?
2, 3, 5, 7, 257
What are the prime factors of 38195701?
227, 168263
List the prime factors of 17129324.
2, 4282331
What are the prime factors of 5064447?
3, 179, 9431
What are the prime factors of 21350487?
3, 17, 418637
What are the prime factors of 97549?
97549
List the prime factors of 604296.
2, 3, 7, 11, 109
List the prime factors of 6350155.
5, 7, 25919
What are the prime factors of 731341?
13, 101, 557
List the prime factors of 311776.
2, 9743
List the prime factors of 1183212.
2, 3, 23, 1429
List the prime factors of 6416772.
2, 3, 29, 18439
What are the prime factors of 11381018?
2, 11, 131, 359
List the prime factors of 1415788.
2, 11, 23, 1399
What are the prime factors of 34204?
2, 17, 503
List the prime factors of 2515306.
2, 1257653
List the prime factors of 6086284.
2, 1521571
List the prime factors of 569740.
2, 5, 61, 467
List the prime factors of 1659576.
2, 3, 69149
What are the prime factors of 12766011?
3, 241, 17657
What are the prime factors of 925724?
2, 231431
What are the prime factors of 118354?
2, 17, 59
List the prime factors of 63771.
3, 29, 733
List the prime factors of 6974950.
2, 5, 199, 701
List the prime factors of 7966955.
5, 593, 2687
What are the prime factors of 865616?
2, 54101
List the prime factors of 56381.
13, 4337
List the prime factors of 8412190.
2, 5, 841219
List the prime factors of 359240.
2, 5, 7, 1283
List the prime factors of 6574880.
2, 5, 13, 29, 109
List the prime factors of 1034462.
2, 11, 13, 3617
What are the prime factors of 26590?
2, 5, 2659
List the prime factors of 87457.
19, 4603
List the prime factors of 30750319.
30750319
List the prime factors of 1453123.
7, 207589
What are the prime factors of 12742492?
2, 7, 83, 5483
What are the prime factors of 6885?
3, 5, 17
What are the prime factors of 91135?
5, 11, 1657
What are the prime factors of 2503008?
2, 3, 2897
What are the prime factors of 365853?
3, 121951
List the prime factors of 42446.
2, 19, 1117
List the prime factors of 389206.
2, 23, 8461
List the prime factors of 38109200.
2, 5, 95273
List the prime factors of 1780566.
2, 3, 19, 15619
What are the prime factors of 123934?
2, 61967
What are the prime factors of 297081?
3, 11003
What are the prime factors of 1195103?
7, 13, 23, 571
What are the prime factors of 1220440?
2, 5, 13, 2347
List the prime factors of 8250985.
5, 257, 6421
List the prime factors of 1999180.
2, 5, 19, 5261
What are the prime factors of 148312?
2, 18539
What are the prime factors of 17735?
5, 3547
What are the prime factors of 202886?
2, 61, 1663
List the prime factors of 7185284.
2, 1796321
What are the prime factors of 108508?
2, 27127
List the prime factors of 904562.
2, 47, 9623
What are the prime factors of 6373331?
43, 103, 1439
List the prime factors of 8069796.
2, 3, 7, 31, 1033
List the prime factors of 166625.
5, 31, 43
What are the prime factors of 4649413?
4649413
List the prime factors of 369884.
2, 89, 1039
List the prime factors of 277458.
2, 3, 131, 353
What are the prime factors of 1711975?
5, 31, 47
What are the prime factors of 364496?
2, 11, 19, 109
What are the prime factors of 314708?
2, 29, 2713
What are the prime factors of 5144426?
2, 7, 29, 12671
List the prime factors of 27749723.
29, 151, 6337
List the prime factors of 717747.
3, 419, 571
What are the prime factors of 1152903?
3, 384301
List the prime factors of 6482787.
3, 619, 3491
List the prime factors of 547264.
2, 17, 503
What are the prime factors of 333241?
19, 17539
List the prime factors of 5032083.
3, 7, 239623
List the prime factors of 2270953.
2270953
List the prime factors of 3068875.
5, 24551
List the prime factors of 404891.
31, 37, 353
List the prime factors of 7161146.
2, 1523, 2351
What are the prime factors of 1952569?
17, 331, 347
List the prime factors of 17590491.
3, 677, 2887
List the prime factors of 5016996.
2, 3, 139361
List the prime factors of 4178378.
2, 29, 61, 1181
What are the prime factors of 283244?
2, 13, 419
List the prime factors of 494973.
3, 43, 1279
What are the prime factors of 2934651?
3, 978217
What are the prime factors of 5007650?
2, 5, 100153
What are the prime factors of 85395?
3, 5, 5693
What are the prime factors of 1170996?
2, 3, 97583
List the prime factors of 26943203.
7, 3849029
What are the prime factors of 17841969?
3, 19, 103, 1013
What are the prime factors of 33428364?
2, 3, 2785697
List the prime factors of 751283.
13, 57791
List the prime factors of 6333623.
37, 171179
List the prime factors of 6734905.
5, 31, 43451
What are the prime factors of 6403968?
2, 3, 17, 109
List the prime factors of 3118969.
7, 445567
List the prime factors of 592228.
2, 7, 13, 1627
What are the prime factors of 2157829?
173, 12473
List the prime factors of 52951.
52951
List the prime factors of 1598326.
2, 37, 21599
What are the prime factors of 138490?
2, 5, 11, 1259
What are the prime factors of 180402?
2, 3, 107, 281
What are the prime factors of 57474?
2, 3, 31, 103
List the prime factors of 72957.
3, 83, 293
List the prime factors of 121916.
2, 29, 1051
What are the prime factors of 4415?
5, 883
What are the prime factors of 166442?
2, 83221
What are the prime factors of 732584?
2, 91573
List the prime factors of 10327302.
2, 3, 573739
What are the prime factors of 7824376?
2, 7, 139721
What are the prime factors of 183845?
5, 83, 443
What are the prime factors of 287877?
3, 95959
List the prime factors of 29773228.
2, 19, 391753
What are the prime factors of 8646533?
7, 593, 2083
What are the prime factors of 520060?
2, 5, 26003
List the prime factors of 101105.
5, 73, 277
List the prime factors of 3422108.
2, 855527
List the prime factors of 10376838.
2, 3, 29, 103, 193
What are the prime factors of 7758929?
7758929
List the prime factors of 2740703.
7, 23, 29, 587
What are the prime factors of 157703?
7, 13, 1733
What are the prime factors of 234565?
5, 43, 1091
What are the prime factors of 4412?
2, 1103
What are the prime factors of 389979?
3, 43331
What are the prime factors of 529390?
2, 5, 167, 317
What are the prime factors of 353797?
353797
List the prime factors of 16016022.
2, 3, 11, 59, 457
What are the prime factors of 125550?
2, 3, 5, 31
What are the prime factors of 2260510?
2, 5, 7, 43, 751
List the prime factors of 12306055.
5, 701, 3511
List the prime factors of 16709518.
2, 7, 1193537
List the prime factors of 142698.
2, 3, 17, 1399
List the prime factors of 12325830.
2, 3, 5, 11, 41, 911
What are the prime factors of 20352711?
3, 61, 111217
What are the prime factors of 1876425?
3, 5, 127, 197
List the prime factors of 1017036.
2, 3, 43, 73
What are the prime factors of 842983?
31, 71, 383
List the prime factors of 3383134.
2, 1691567
List the prime factors of 3810260.
2, 5, 19, 37, 271
List the prime factors of 493529.
211, 2339
What are the prime factors of 26877828?
2, 3, 929, 2411
List the prime factors of 17519987.
2971, 5897
List the prime factors of 182834.
2, 113, 809
What are the prime factors of 70904?
2, 8863
What are the prime factors of 16330789?
823, 19843
List the prime factors of 1951676.
2, 37, 13187
What are the prime factors of 327202?
2, 163601
What are the prime factors of 1240465?
5, 31, 53, 151
What are the prime factors of 4676013?
3, 127, 4091
What are the prime factors of 74369?
31, 2399
List the prime factors of 388755.
3, 5, 53, 163
List the prime factors of 4245534.
2, 3, 73, 359
List the prime factors of 211763.
421, 503
What are the prime factors of 61141?
61141
What are the prime factors of 181462?
2, 90731
What are the prime factors of 529659?
3, 13, 503
What are the prime factors of 291288?
2, 3, 53, 229
What are the prime factors of 116059?
17, 6827
List the prime factors of 337251.
3, 79, 1423
What are the prime factors of 3594277?
3594277
What are the prime factors of 2023902?
2, 3, 229, 491
What are the prime factors of 1320634?
2, 7, 94331
List the prime factors of 7149560.
2, 5, 11, 16249
List the prime factors of 921692.
2, 31, 7433
List the prime factors of 2145860.
2, 5, 19, 5647
List the prime f